mainder when 91198 is divided by 10132?
10
What is the remainder when 8314 is divided by 1384?
10
What is the remainder when 3205 is divided by 530?
25
What is the remainder when 12229 is divided by 12203?
26
What is the remainder when 3055534 is divided by 44?
42
What is the remainder when 24769 is divided by 1303?
12
What is the remainder when 70438 is divided by 367?
341
Calculate the remainder when 429338 is divided by 214652.
34
What is the remainder when 5928 is divided by 104?
0
Calculate the remainder when 6123 is divided by 180.
3
Calculate the remainder when 3462 is divided by 3055.
407
Calculate the remainder when 3088 is divided by 680.
368
What is the remainder when 16138 is divided by 200?
138
What is the remainder when 3477 is divided by 63?
12
What is the remainder when 38497 is divided by 28?
25
What is the remainder when 27742 is divided by 289?
287
Calculate the remainder when 16014 is divided by 3196.
34
What is the remainder when 4333224 is divided by 13?
12
What is the remainder when 18542 is divided by 1921?
1253
What is the remainder when 151210 is divided by 379?
368
What is the remainder when 15676 is divided by 291?
253
Calculate the remainder when 115753 is divided by 57784.
185
What is the remainder when 91026 is divided by 248?
10
Calculate the remainder when 47425 is divided by 510.
505
What is the remainder when 91465 is divided by 39?
10
Calculate the remainder when 85086 is divided by 21.
15
Calculate the remainder when 26729 is divided by 67.
63
Calculate the remainder when 1350739 is divided by 491.
489
What is the remainder when 33995 is divided by 3089?
16
Calculate the remainder when 9638362 is divided by 1043.
1042
What is the remainder when 15119 is divided by 108?
107
Calculate the remainder when 725 is divided by 360.
5
What is the remainder when 1365154 is divided by 26?
24
Calculate the remainder when 1968 is divided by 432.
240
What is the remainder when 54070 is divided by 18021?
7
Calculate the remainder when 229008 is divided by 57250.
8
Calculate the remainder when 15046 is divided by 4956.
178
Calculate the remainder when 12046 is divided by 41.
33
What is the remainder when 1196 is divided by 91?
13
What is the remainder when 114758 is divided by 1275?
8
Calculate the remainder when 2452 is divided by 189.
184
Calculate the remainder when 875438 is divided by 353.
351
What is the remainder when 10189 is divided by 283?
1
What is the remainder when 277093 is divided by 203?
201
What is the remainder when 60429 is divided by 959?
12
What is the remainder when 93539 is divided by 678?
653
Calculate the remainder when 60814 is divided by 181.
179
Calculate the remainder when 244218 is divided by 81400.
18
Calculate the remainder when 3485 is divided by 6.
5
Calculate the remainder when 5024 is divided by 87.
65
What is the remainder when 8344 is divided by 281?
195
Calculate the remainder when 25268 is divided by 37.
34
Calculate the remainder when 741255 is divided by 1622.
1
Calculate the remainder when 4993 is divided by 639.
520
Calculate the remainder when 7163 is divided by 1022.
9
What is the remainder when 205891 is divided by 68623?
22
What is the remainder when 30105 is divided by 149?
7
Calculate the remainder when 44421 is divided by 907.
885
Calculate the remainder when 83300 is divided by 89.
85
Calculate the remainder when 1590 is divided by 44.
6
Calculate the remainder when 10015 is divided by 5001.
13
What is the remainder when 704 is divided by 386?
318
What is the remainder when 1151 is divided by 382?
5
What is the remainder when 137568 is divided by 121?
112
What is the remainder when 1372 is divided by 1342?
30
Calculate the remainder when 2949 is divided by 1459.
31
Calculate the remainder when 7119 is divided by 787.
36
What is the remainder when 34165 is divided by 527?
437
What is the remainder when 5090 is divided by 88?
74
What is the remainder when 4025372 is divided by 864?
860
What is the remainder when 2015 is divided by 144?
143
What is the remainder when 680995 is divided by 908?
903
What is the remainder when 30334 is divided by 10084?
82
What is the remainder when 59739 is divided by 128?
91
What is the remainder when 4791 is divided by 545?
431
Calculate the remainder when 31376 is divided by 195.
176
Calculate the remainder when 52796 is divided by 212.
8
What is the remainder when 48928 is divided by 24456?
16
Calculate the remainder when 10866 is divided by 1426.
884
What is the remainder when 94249 is divided by 10472?
1
Calculate the remainder when 27000 is divided by 88.
72
What is the remainder when 14199 is divided by 15?
9
What is the remainder when 1744 is divided by 206?
96
What is the remainder when 43702 is divided by 282?
274
Calculate the remainder when 63057 is divided by 1805.
1687
Calculate the remainder when 7065 is divided by 543.
6
What is the remainder when 224 is divided by 19?
15
What is the remainder when 5345198 is divided by 400?
398
What is the remainder when 52036 is divided by 26014?
8
Calculate the remainder when 13252 is divided by 6563.
126
Calculate the remainder when 8176 is divided by 457.
407
What is the remainder when 13663 is divided by 171?
154
Calculate the remainder when 83260 is divided by 915.
910
What is the remainder when 50198 is divided by 1170?
1058
What is the remainder when 9779 is divided by 3252?
23
What is the remainder when 83667 is divided by 66?
45
What is the remainder when 5926 is divided by 126?
4
Calculate the remainder when 15273 is divided by 2161.
146
Calculate the remainder when 391885 is divided by 208.
13
What is the remainder when 12990 is divided by 134?
126
What is the remainder when 23679 is divided by 109?
26
Calculate the remainder when 163536 is divided by 4193.
9
What is the remainder when 1483 is divided by 1156?
327
What is the remainder when 23784 is divided by 4751?
29
What is the remainder when 4239 is divided by 1049?
43
What is the remainder when 2654 is divided by 2637?
17
Calculate the remainder when 6269 is divided by 1515.
209
Calculate the remainder when 155908 is divided by 746.
740
Calculate the remainder when 204494 is divided by 68138.
80
What is the remainder when 1333 is divided by 208?
85
Calculate the remainder when 166514 is divided by 20.
14
What is the remainder when 83519 is divided by 288?
287
Calculate the remainder when 78797 is divided by 99.
92
What is the remainder when 28768 is divided by 30?
28
What is the remainder when 50921 is divided by 69?
68
What is the remainder when 604 is divided by 549?
55
What is the remainder when 107469 is divided by 107360?
109
Calculate the remainder when 20654 is divided by 8.
6
Calculate the remainder when 8133 is divided by 627.
609
Calculate the remainder when 426300 is divided by 22.
6
Calculate the remainder when 37465 is divided by 49.
29
What is the remainder when 133290 is divided by 525?
465
Calculate the remainder when 39392 is divided by 268.
264
What is the remainder when 5292 is divided by 1632?
396
Calculate the remainder when 956449 is divided by 47.
46
Calculate the remainder when 705847 is divided by 1144.
1143
Calculate the remainder when 2120 is divided by 637.
209
Calculate the remainder when 9030 is divided by 7.
0
What is the remainder when 49173 is divided by 25?
23
Calculate the remainder when 58557 is divided by 12.
9
What is the remainder when 3134 is divided by 618?
44
What is the remainder when 4716 is divided by 337?
335
Calculate the remainder when 2630 is divided by 250.
130
Calculate the remainder when 736053 is divided by 35050.
3
What is the remainder when 177071 is divided by 62?
61
Calculate the remainder when 17342 is divided by 340.
2
What is the remainder when 26405 is divided by 95?
90
What is the remainder when 171039 is divided by 63?
57
Calculate the remainder when 8846 is divided by 132.
2
Calculate the remainder when 85313 is divided by 3281.
7
Calculate the remainder when 940 is divided by 137.
118
Calculate the remainder when 5306 is divided by 33.
26
What is the remainder when 3169 is divided by 158?
9
What is the remainder when 509 is divided by 41?
17
What is the remainder when 9472 is divided by 427?
78
What is the remainder when 10185 is divided by 358?
161
What is 